{"id":53832,"date":"2019-01-15T21:52:31","date_gmt":"2019-01-15T20:52:31","guid":{"rendered":"https:\/\/preissfinearts.com\/artists\/pictures\/unkategorisiert\/stephane-phavorin-avant-une-repetition-de-orphee-et-eurydice-de-pina-bausch-ballet-de-lopera-national-de-paris\/"},"modified":"2022-05-16T15:34:08","modified_gmt":"2022-05-16T13:34:08","slug":"stephane-phavorin-avant-une-repetition-de-orphee-et-eurydice-de-pina-bausch-ballet-de-lopera-national-de-paris","status":"publish","type":"product","link":"https:\/\/preiss.edvantage.at\/de\/artists\/pictures\/gerard-uferas-de\/stephane-phavorin-avant-une-repetition-de-orphee-et-eurydice-de-pina-bausch-ballet-de-lopera-national-de-paris\/","title":{"rendered":"St\u00e9phane Phavorin avant une r\u00e9p\u00e9tition de &#8222;Orph\u00e9e et Eurydice&#8220; de Pina Bausch, ballet de l&#8217;Op\u00e9ra National de Paris"},"content":{"rendered":"","protected":false},"excerpt":{"rendered":"","protected":false},"featured_media":48621,"template":"","meta":{"_et_pb_use_builder":"","_et_pb_old_content":"","_et_gb_content_width":""},"product_cat":[258],"product_tag":[491,178,948,878],"_links":{"self":[{"href":"https:\/\/preiss.edvantage.at\/de\/wp-json\/wp\/v2\/product\/53832"}],"collection":[{"href":"https:\/\/preiss.edvantage.at\/de\/wp-json\/wp\/v2\/product"}],"about":[{"href":"https:\/\/preiss.edvantage.at\/de\/wp-json\/wp\/v2\/types\/product"}],"wp:featuredmedia":[{"embeddable":true,"href":"https:\/\/preiss.edvantage.at\/de\/wp-json\/wp\/v2\/media\/48621"}],"wp:attachment":[{"href":"https:\/\/preiss.edvantage.at\/de\/wp-json\/wp\/v2\/media?parent=53832"}],"wp:term":[{"taxonomy":"product_cat","embeddable":true,"href":"https:\/\/preiss.edvantage.at\/de\/wp-json\/wp\/v2\/product_cat?post=53832"},{"taxonomy":"product_tag","embeddable":true,"href":"https:\/\/preiss.edvantage.at\/de\/wp-json\/wp\/v2\/product_tag?post=53832"}],"curies":[{"name":"wp","href":"https:\/\/api.w.org\/{rel}","templated":true}]}}

Stéphane Phavorin avant une répétition de &#8222;Orphée et Eurydice&#8220; de Pina Bausch, ballet de l&#8217;Opéra National de Paris
